base 7
-10662303
What is -192547 (base 13) in base 2?
-10011010101100101000
What is -76573 (base 9) in base 3?
-2120122110
-1313023211 (base 4) to base 8
-1671345
Convert 1067758 (base 11) to base 10.
1869634
10010000011110000101 (base 2) to base 10
591749
-245305320 (base 7) to base 12
-5219310
Convert 164177 (base 9) to base 6.
2101454
Convert 66a54 (base 16) to base 6.
13002244
113321202 (base 4) to base 2
10111111001100010
Convert 1127a0 (base 11) to base 12.
87927
Convert 52488 (base 10) to base 9.
80000
-1215240204 (base 6) to base 15
-135e821
Convert -21115547 (base 8) to base 3.
-22110102200002
-588302 (base 9) to base 14
-92d22
Convert -777446 (base 8) to base 10.
-261926
Convert 204ef (base 16) to base 11.
90475
What is -3020504 (base 7) in base 8?
-1273156
What is -10010100110110101000 (base 2) in base 8?
-2246650
Convert 799845 (base 14) to base 12.
1476005
Convert -5aa48 (base 16) to base 13.
-cccb5
42441001 (base 5) to base 15
71501
What is -3132121223 (base 4) in base 16?
-de66b
Convert 82bb6 (base 12) to base 3.
22200122210
What is 1d1b903 (base 14) in base 9?
30408835
Convert -1005444 (base 7) to base 8.
-351450
-1101020220101 (base 3) to base 6
-23414531
What is -51c6b1 (base 13) in base 8?
-7227344
-23441544 (base 6) to base 14
-1525cc
Convert -14823 (base 13) to base 14.
-10186
-99a18 (base 12) to base 8
-615564
Convert -1b2fb9 (base 16) to base 11.
-1007678
What is 1100010011111100000 (base 2) in base 7?
3300110
What is 2212022110111 (base 3) in base 2?
101110011100001100000
Convert 1061 (base 14) to base 4.
230031
Convert -11212100021222 (base 3) to base 9.
-4770258
What is f94fb (base 16) in base 3?
1220212210110
What is 4a302 (base 14) in base 13?
64916
23ed9c (base 15) to base 10
1720947
What is -44eae (base 15) in base 12?
-a6b02
What is 87593d (base 14) in base 13?
c47b36
Convert 1765ba (base 12) to base 4.
1202323132
What is 1011111000010000001101 (base 2) in base 9?
5765536
What is -399578 (base 10) in base 8?
-1414332
1f462 (base 16) to base 5
13044343
What is -17785b (base 12) in base 8?
-1433407
Convert 1072 (base 13) to base 7.
6451
Convert 10b63c (base 15) to base 2.
11000010110011010011
What is 192a27 (base 12) in base 4?
1223200333
-101122300012 (base 4) to base 14
-86c006
Convert -b219 (base 16) to base 8.
-131031
What is -2b7934 (base 16) in base 2?
-1010110111100100110100
Convert -360124 (base 7) to base 11.
-44835
What is 4ca94 (base 15) in base 7?
2041264
70743 (base 9) to base 4
23113011
Convert -12021111021122 (base 3) to base 15.
-3a602e
What is 1012211010102102 (base 3) in base 15?
17e7d58
Convert -199465 (base 10) to base 16.
-30b29
-4245050 (base 8) to base 4
-10110220220
What is -44040 (base 11) in base 3?
-10020200212
What is -3909614 (base 10) in base 12?
-1386612
-5343431 (base 6) to base 9
-440201
Convert 12123020 (base 5) to base 4.
123313113
Convert 143215243 (base 6) to base 5.
1224113410
-1123021311 (base 5) to base 16
-26e26b
-63e9ab (base 15) to base 6
-245545425
Convert -da734 (base 15) to base 16.
-a94fb
1632826 (base 11) to base 5
1203113243
Convert -144d4 (base 15) to base 5.
-4041344
What is -12c3bc (base 14) in base 6?
-21521322
What is d282f (base 16) in base 11?
539909
What is -410151 (base 7) in base 16?
-11052
What is 52350351 (base 6) in base 4?
11303303323
-15b3950 (base 12) to base 13
-c042a8
What is 50133 (base 11) in base 13?
27513
199b1 (base 14) to base 11
4494a
Convert 100011000011001110111100 (base 2) to base 4.
203003032330
Convert 15419 (base 14) to base 16.
cecf
-b951 (base 13) to base 7
-135041
4aa21 (base 16) to base 5
34240242
What is 143433530 (base 6) in base 9?
5534140
What is 40b79 (base 13) in base 11?
7a33a
Convert -6673000 (base 8) to base 12.
-729594
ab7ccb (base 13) to base 9
7544223
What is 139dc2c (base 14) in base 9?
18830301
What is -28464 (base 11) in base 14?
-10a7a
-20213021322 (base 4) to base 15
-2e8d70
What is 11131234 (base 7) in base 11?
5aa580
What is -1222222200222 (base 3) in base 11?
-66643a
Convert 11414135 (base 7) to base 8.
3671054
Convert 1938 (base 15) to base 4.
1111031
-1131222333 (base 4) to base 8
-1355277
-a4a4c7 (base 13) to base 5
-1441144413
What is -38a10 (base 11) in base 16?
-d9f0
4a9c05 (base 13) to base 11
1014886
What is 4a1acd (base 14) in base 6?
130240501
Convert -3251350 (base 6) to base 16.
-27a32
Convert 5e6dd5 (base 15) to base 14.
85c720
390fb9 (base 16) to base 9
7028655
-1c60606 (base 14) to base 4
-312032132332
Convert -20477 (base 14) to base 8.
-227631
-111101111101001110010010 (base 2) to base 7
-255023320
What is 1110110210 (base 3) in base 5?
1410101
-332212132 (base 4) to base 12
-10447a
What is 5726436 (base 8) in base 4?
11322310132
Convert cce19 (base 15) to base 11.
405267
What is 1037562 (base 8) in base 16?
43f72
-5561406 (base 9) to base 5
-1231233000
What is -21455 (base 11) in base 14?
-b4d7
What is 8a4743 (base 13) in base 2?
1100011101010110111100
Convert 21a1957 (base 13) to base 5.
10120024221
What is 3597c (base 13) in base 9?
158743
1a22d (base 14) to base 10
66289
-3555ba (base 13) to base 7
-13532511
-54031 (base 10) to base 13
-1b793
What is 133840 (base 10) in base 14?
36ac0
8243b (base 14) to base 7
2444304
What is -59d9a (base 15) in base 5?
-33132240
-5a98b8 (base 14) to base 15
-413671
What is -11101010001100101101100 (base 2) in base 13?
-1789078
-91884aa (base 11) to base 4
-331323100020
Convert 21500 (base 8) to base 15.
2a19
What is -6b3d8 (base 15) in base 9?
-570715
30382 (base 14) to base 12
57126
What is 43023226 (base 7) in base 9?
6777054
What is 1001110011011011001 (base 2) in base 14?
850db
200803 (base 10) to base 2
110001000001100011
11000010001000011100 (base 2) to base 12
3241b8
Convert -b13a82 (base 13) to base 15.
-56614b
What is -2561399 (base 11) in base 13?
-bc5067
What is -2523107 (base 8) in base 7?
-5634526
10001101100010011000101 (base 2) to base 6
243223421
Convert 425616 (base 7) to base 13.
27924
4770170 (base 11) to base 16
7ee57e
-21003234 (base 5) to base 15
-360ce
-230201102 (base 4) to base 2
-101100100001010010
15114300 (base 6) to base 11
328151
131423124 (base 5) to base 11
407a53
1300340 (base 5) to base 11
17944
What is 14421122 (base 6) in base 5?
112004042
-15634772 (base 9) to base 3
-112201011212102
Convert 33212230 (base 4) to base 5.
4021131
-133523 (base 6) to base 14
-47b5
What is -1020036 (base 7) in base 3?
-20020000020
What is 1095a18 (base 11) in base 12?
78203a
Convert -22122120112 (base 3) to base 4.
-221210210
-589674 (base 10) to base 5
-122332144
What is -110110110111010010 (base 2) in base 6?
-4452214
Convert 1703568 (base 14) to base 5.
10343203413
Convert 91a81 (base 14) to base 2.
1010101100101100001
-55b334 (base 14) to base 10
-2912018
2128689 (base 10) to base 4
20013230301
What is 1483637 (base 10) in base 16?
16a375
What is -110220011211 (base 4) in base 2?
-10100101000000101100101
-b6cb55 (base 15) to base 4
-201030000122
Convert 14302341 (base 7) to base 9.
2470513
What is 110011012031 (base 4) in base 2?
10100000101000110001101
-1014c9 (base 13) to base 14
-9a5bd
What is 8ced2 (base 15) in base 7?
3546410
What is 511030202 (base 6) in base 8?
41230072
-1cc78e (base 15) to base 3
-2122120220022
233c97c (base 13) to base 4
221200202100
-1001110010000000100 (base 2) to base 7
-2503310
What is 33519 (base 15) in base 10?
163149
-21403 (base 5) to base 3
-2000202
-5277e (base 15) to base 8
-776701
-3031231 (base 5) to base 9
-74118
22210120000 (base 3) to base 11
109125
Convert -187470 (base 9) to base 2.
-11100100100100011
-434401 (base 7) to base 9
-125224
What is -102100120201010 (base 3) in base 7?
-102202101
Convert 101001101111111100000 (base 2) to base 7.
14425301
What is -116549 (base 10) in base 7?
-663536
What is -30311113 (base 4) in base 9?
-80087
What is -545245510 (base 6) in base 16?
-952032
What is 382412 (base 14) in base 9?
3556418
Convert -3312211400 (base 5) to base 10.
-7147725
What is 776573 (base 13) in base 15?
3a879e
39045a (base 13) to base 5
322343204
What is 831233 (base 9) in base 11?
307439
Convert -135788 (base 11) to base 3.
-101210121001
-10010111111100011110100 (base 2) to base 8
-22774364
What is 1263514 (base 10) in base 12?
50b24a
203d7 (base 14) to base 7
442160
What is -4103